 + 235 = 3*f - 5*c. Calculate the greatest common divisor of 10 and f.
10
Suppose -u + 32 = -0*u. Let m be (-4)/12*-33 + -3. Calculate the greatest common factor of u and m.
8
Let z(w) = -20*w - 3. Let l be z(-1). What is the greatest common divisor of l and 85?
17
Let k be (81/(-6) + 0)*(-40)/15. Calculate the highest common divisor of 4 and k.
4
Let w(j) = -j. Let v(b) = b. Let l(n) = -6*v(n) - 7*w(n). Let q be l(6). Calculate the highest common divisor of 2 and q.
2
Suppose -5*l = -0*l. Let k(z) = z**3 + z + 22. Let d be k(l). What is the highest common factor of d and 2?
2
Let i be (13/(117/42))/(2/15). What is the greatest common factor of i and 175?
35
Let l(t) = -3*t + 1. Let s be l(-4). Let o be (0 + (-2)/(-2))*s. Let n = o + -1. What is the highest common divisor of 132 and n?
12
Suppose -4*q + 2 = -6. Let l(h) = -2 + q*h**2 - 2*h + 6*h - h. Let s be l(-4). Calculate the greatest common factor of 126 and s.
18
Suppose -5*f - 512 = 2*q, 4*q - q = f - 785. Let h = q + 371. Calculate the highest common divisor of 10 and h.
10
Let p(n) = n**3 - 7*n**2 + 6*n + 5. Let t be p(6). Suppose 4*y + 4*z - 16 = 0, -t*z + 13 = 4*y - 6. Calculate the greatest common factor of 4 and y.
1
Suppose -3*k = 2*k - 115. What is the highest common divisor of 115 and k?
23
Suppose 16 = w + 8. Calculate the highest common divisor of 4 and w.
4
Let d(y) = y + 12. Let k be d(-10). Suppose k*o - 5*x + 5 = -10, 5*x = 4*o + 5. Calculate the greatest common divisor of 55 and o.
5
Let c = 253 + -173. Let w = -17 + 11. Let i(r) = r**2 + 3*r - 2. Let u be i(w). What is the highest common divisor of c and u?
16
Let i be (0 + 35)*(-1 - -2). Let x be (-2)/(-6) + 2093/21. Suppose 5*u - i = x. Calculate the highest common divisor of u and 9.
9
Let l(v) = 48*v + 2. Let z be (12/9)/((-4)/(-6)). Let j be l(z). Calculate the greatest common divisor of j and 14.
14
Let p be ((-7)/21)/(1/(-6)). Suppose -2*a + 49 = -s, -a - 6 + 35 = -p*s. Calculate the greatest common divisor of 161 and a.
23
Let t(b) = b**3 + 7*b**2 - 22*b + 14. Let o be t(-9). Calculate the highest common divisor of o and 20.
10
Let x(g) = g**2 + 6*g - 9. Suppose -2*p - 18 = -0*p. Let j be x(p). What is the greatest common divisor of 27 and j?
9
Suppose -3*h + 20 = 2*h. What is the highest common factor of h and 14?
2
Let l = 21 - 1. Calculate the greatest common divisor of l and 4.
4
Let i be (-18)/4*12/18. Let b = 2 + 4. Let c = i + b. What is the greatest common divisor of 2 and c?
1
Suppose -2*o = 4*r - 136, -5*r + 44 + 128 = 3*o. Calculate the greatest common factor of r and 80.
16
Suppose -4*p - 12 = 0, c - p - 30 = 2*p. Let f be 5 + (-6 - (-5 - -2)). Suppose -v + f*v = 7. What is the highest common divisor of c and v?
7
Let f be 125/7 + (-8)/(-56). Let r be 2 - (-1*27 - -2). What is the greatest common divisor of f and r?
9
Suppose 2*u + 3*w = 6*u - 54, 5*u - 85 = -5*w. What is the greatest common factor of 15 and u?
15
Let v be ((-2)/(-6))/((-1)/(-6)). Let q(y) = -2*y + v*y + 5*y + 6*y. Let s be q(2). Calculate the highest common factor of 22 and s.
22
Let z be (3 - 9/5)*150. Calculate the greatest common factor of z and 20.
20
Suppose -4*c - 16 = i - 5, 3*c + 12 = 3*i. What is the highest common divisor of 11 and i?
1
Suppose 0 = -g - 5*w - 19, 3*g = 5*w - 0*w + 23. Calculate the highest common factor of 13 and g.
1
Suppose 0 = -2*q + 2 + 10. Let c(m) = 18*m + 2. Let j be c(q). Let z(y) = 3*y**2 - 7*y + 4. Let b be z(3). What is the greatest common factor of b and j?
10
Let h(d) = -14*d - 14. Let o be h(-3). Calculate the greatest common factor of o and 14.
14
Let f(l) = l**3 - l**2 - 2*l + 30. Let p be f(0). Suppose 248 = 3*u + 23. What is the greatest common divisor of u and p?
15
Let h = -13 + 20. Calculate the highest common factor of h and 42.
7
Suppose -28 = -7*h + 3*h. Suppose 0 = -5*b - 0*y - 2*y + 321, -b - 5*y = -78. What is the highest common divisor of h and b?
7
Let a be (-16)/6*360/(-16). Calculate the greatest common divisor of 40 and a.
20
Let z = 0 + 3. Suppose -3 = z*s + 4*o, 2*s = -s - 3*o. Calculate the highest common factor of s and 24.
3
Let c = 105 - 73. What is the highest common factor of 256 and c?
32
Suppose -20 = -5*s, -1 = 5*b - 3*s - 4. Suppose -b*f = -3*p - f + 160, 268 = 5*p - 2*f. Calculate the highest common divisor of 6 and p.
6
Let m(w) = -3*w**2 - 4*w - 6. Let h be m(-4). Suppose -5*u = 2*s + 16, -u + 6*u + 1 = 3*s. Let y = s - h. What is the greatest common factor of y and 14?
7
Suppose 0*f - 81 = -2*f - 3*n, -4*n = 4. What is the greatest common factor of 63 and f?
21
Suppose -d + b + 21 = 0, d - 4*b - 17 = 7. Calculate the highest common factor of d and 10.
10
Let p be (-16)/(-6)*(-15)/(-4). Suppose 0 = -o - 0 + 60. Suppose 0 = 3*c - 0*c - o. Calculate the greatest common divisor of c and p.
10
Let l(a) = -14*a**3 + a**2. Suppose m + 1 = 3*y - 1, 2*m + 4*y + 4 = 0. Let h be l(m). What is the highest common factor of 29 and h?
29
Let n(c) = -c**3 + 6*c**2 + 9*c - 9. Let j be n(7). Suppose -j*d + 58 - 13 = 0. Calculate the highest common divisor of 9 and d.
9
Let d(k) = 2*k**2 + 6*k + 3. Let t be d(-6). Let p = t + -21. What is the highest common divisor of p and 18?
18
Let b be 518/4*(2 - 0). Suppose -3*y - 16 + b = 0. Let q(i) = -i + 14. Let f be q(5). Calculate the greatest common factor of y and f.
9
Suppose -83 = -4*a - n, 4 = a - 3*n - 33. Let o be 2 + -2 + 32 - -1. Calculate the greatest common factor of a and o.
11
Let r(k) = -k**3 - 8*k**2 + 5*k + 11. Let t be r(-9). Let n = t - 33. What is the highest common factor of 21 and n?
7
Let s be 3/42*20*7. Calculate the greatest common factor of 10 and s.
10
Suppose -2*i - 5*r = -100, -i = 2*r + r - 48. What is the highest common factor of i and 24?
12
Let h be 1 + -3 + 0 + 65. Calculate the greatest common divisor of h and 42.
21
Let h(z) = z**3 - 7*z**2 - 7*z + 2. Let u be h(8). Suppose 0 = -2*s + 20. Calculate the highest common divisor of u and s.
10
Let f(a) = 2*a**2 - 2*a + 2. Let t be f(1). Suppose 2*y + 12 = 5*k - 0*k, y = 3*k - 7. What is the highest common factor of k and t?
2
Let k be ((-1)/3)/((-2)/30). Suppose -40 = -k*l + 45. What is the highest common factor of 68 and l?
17
Let o be (-79 + 4)*8/(-6). Suppose 0 = -16*l + 12*l + 80. Calculate the highest common divisor of l and o.
20
Let c be (-285)/(-60)*(-12)/(-1). What is the highest common factor of 38 and c?
19
Let c(a) = 2*a - 11. Let o(u) = u - 1. Let m(p) = -c(p) + 3*o(p). Let t be m(-4). Suppose -t*g + 12 = -0. Calculate the greatest common divisor of 9 and g.
3
Suppose -3*h + 12 = -69. Calculate the highest common factor of 3 and h.
3
Let f be 208/12*(-6)/(-4). Let x = 37 - f. Calculate the highest common divisor of x and 11.
11
Let v be ((-32)/(-6))/(15/270). Let d be 0/((-2)/2) - -12. What is the greatest common divisor of v and d?
12
Let q be (-2)/(3 + (-17)/5). Suppose -q*t + 117 = -53. Let n(d) = 2*d**2 + 5*d - 1. Let l be n(4). Calculate the greatest common divisor of l and t.
17
Suppose y + 3*x + 21 = 4*y, 0 = 3*y - 2*x - 19. Let q = y - -15. What is the greatest common factor of q and 20?
20
Let j be (-1)/(-2)*(-7 - 5). Let t be ((-6)/(-4))/(j/12). Let u be (t + 4 - 4) + 4. Calculate the greatest common factor of 11 and u.
1
Let g be (2/5)/(3/(-15)). Let h be 0*3/(1 - g). Suppose -2*q + 48 + 8 = 4*v, h = 3*v + 5*q - 35. What is the greatest common factor of 60 and v?
15
Let y(c) = 46*c**2 - 3*c - 1. Let n be y(-2). What is the greatest common divisor of 27 and n?
27
Let b(q) = 6*q + 3. Let w be b(9). Let v be (-275)/(-3) - 2/3. Let r = v + -53. What is the greatest common factor of w and r?
19
Let m(s) = s - 1. Let k be m(6). Suppose 20 = 2*y + w, 2*w - 12 = -y - k. Calculate the greatest common factor of y and 11.
11
Let v = 43 + -19. What is the highest common divisor of v and 8?
8
Let o(b) = 341*b**3 + b**2 - b - 1. Let q be o(1). Calculate the greatest common divisor of q and 136.
68
Let c = 4 - 9. Let h(v) = -v - 7. Let j be h(c). Let f(a) = 25*a**2 - 1. Let u be f(j). Calculate the greatest common divisor of 9 and u.
9
Let i be ((-1)/2)/(2/(-16)). Suppose -o - 3*o = -i. What is the greatest common divisor of 1 and o?
1
Let v = -20 - 7. Let r be (-6)/(-27) - 129/v. Suppose -b + 5 = -r. Calculate the highest common factor of